factor of 5430 and 30.
30
Calculate the greatest common divisor of 99250 and 250.
250
Calculate the greatest common factor of 46 and 1219.
23
What is the greatest common divisor of 324 and 135?
27
Calculate the greatest common factor of 2175 and 1200.
75
Calculate the highest common divisor of 41 and 451.
41
What is the greatest common factor of 174 and 816?
6
What is the greatest common divisor of 300 and 90?
30
What is the greatest common factor of 198 and 4444?
22
Calculate the greatest common divisor of 72 and 64.
8
Calculate the greatest common factor of 2173 and 106.
53
Calculate the greatest common divisor of 16 and 8336.
16
What is the highest common divisor of 5069 and 259?
37
Calculate the highest common factor of 1 and 173.
1
What is the highest common divisor of 1156 and 12?
4
What is the greatest common divisor of 19 and 1957?
19
Calculate the highest common divisor of 22 and 374.
22
Calculate the highest common factor of 63 and 2961.
63
What is the greatest common divisor of 4910 and 40?
10
Calculate the greatest common factor of 363 and 6.
3
What is the greatest common divisor of 8 and 1032?
8
Calculate the highest common factor of 2271 and 3.
3
What is the highest common factor of 212 and 53?
53
Calculate the highest common factor of 141 and 94.
47
Calculate the greatest common factor of 217 and 62.
31
Calculate the greatest common divisor of 1067 and 1746.
97
Calculate the greatest common factor of 5712 and 68.
68
What is the highest common divisor of 36 and 372?
12
What is the highest common factor of 329 and 121072?
329
What is the highest common divisor of 371 and 265?
53
What is the highest common factor of 20340 and 360?
180
What is the greatest common divisor of 38446 and 188?
94
What is the greatest common divisor of 7 and 959?
7
What is the greatest common factor of 4152 and 24?
24
Calculate the highest common divisor of 2000 and 8.
8
What is the highest common factor of 40752 and 48?
48
What is the greatest common factor of 108 and 28?
4
Calculate the greatest common factor of 30 and 1450.
10
Calculate the highest common factor of 70 and 120.
10
Calculate the highest common divisor of 35 and 595.
35
Calculate the greatest common divisor of 140 and 56.
28
What is the greatest common divisor of 1183 and 26?
13
What is the greatest common divisor of 72 and 522?
18
Calculate the highest common divisor of 61 and 4453.
61
Calculate the highest common divisor of 1105 and 85.
85
Calculate the highest common divisor of 284 and 30956.
284
What is the greatest common factor of 198 and 54?
18
What is the greatest common divisor of 18411 and 57?
57
What is the highest common factor of 68 and 17?
17
What is the highest common divisor of 3198 and 4018?
82
Calculate the greatest common divisor of 198 and 3069.
99
Calculate the greatest common factor of 57 and 10279.
19
What is the greatest common divisor of 6 and 219?
3
What is the greatest common factor of 621 and 552?
69
What is the greatest common factor of 451 and 110?
11
Calculate the greatest common factor of 96 and 3968.
32
What is the greatest common divisor of 2068 and 44?
44
Calculate the greatest common divisor of 3201 and 679.
97
Calculate the greatest common factor of 222 and 222.
222
What is the highest common factor of 512 and 192?
64
What is the greatest common divisor of 486 and 9?
9
Calculate the greatest common factor of 56677 and 57.
19
Calculate the greatest common factor of 190 and 3135.
95
Calculate the greatest common factor of 864 and 504.
72
Calculate the greatest common divisor of 45 and 21780.
45
Calculate the highest common divisor of 8 and 972.
4
Calculate the highest common divisor of 1692 and 752.
188
What is the greatest common divisor of 127 and 2?
1
Calculate the greatest common divisor of 1520 and 95.
95
What is the greatest common factor of 145 and 2465?
145
What is the highest common divisor of 59 and 767?
59
Calculate the greatest common divisor of 110 and 1690.
10
What is the highest common divisor of 1273 and 67?
67
Calculate the highest common factor of 344 and 24.
8
Calculate the highest common factor of 104852 and 44.
44
Calculate the highest common factor of 3190 and 330.
110
What is the greatest common factor of 124 and 62?
62
Calculate the greatest common divisor of 129 and 430.
43
What is the greatest common factor of 19 and 3192?
19
Calculate the highest common divisor of 285 and 165.
15
Calculate the highest common divisor of 546 and 156.
78
What is the highest common divisor of 374 and 110?
22
Calculate the highest common divisor of 115 and 69.
23
What is the highest common divisor of 174 and 754?
58
What is the highest common factor of 82 and 8077?
41
Calculate the highest common factor of 94 and 3713.
47
What is the highest common divisor of 368 and 16?
16
Calculate the highest common factor of 234 and 4.
2
Calculate the greatest common factor of 228 and 24.
12
What is the greatest common factor of 1121 and 59?
59
What is the greatest common factor of 550 and 220?
110
Calculate the greatest common divisor of 384 and 408.
24
Calculate the greatest common factor of 203 and 58.
29
Calculate the highest common divisor of 49 and 1.
1
What is the greatest common factor of 1950 and 3?
3
Calculate the greatest common factor of 315 and 63.
63
What is the highest common factor of 160 and 12280?
40
Calculate the highest common divisor of 136 and 29308.
68
What is the greatest common factor of 16 and 4?
4
What is the greatest common factor of 3880 and 880?
40
Calculate the highest common divisor of 133 and 91.
7
Calculate the highest common divisor of 130 and 676.
26
What is the highest common factor of 152 and 12616?
152
Calculate the highest common factor of 72 and 198.
18
Calculate the greatest common factor of 14392 and 56.
56
What is the greatest common divisor of 16 and 36?
4
Calculate the highest common factor of 21 and 6.
3
Calculate the greatest common divisor of 27 and 501.
3
What is the highest common factor of 23 and 5704?
23
What is the greatest common factor of 150 and 180?
30
What is the highest common divisor of 99 and 154?
11
Calculate the greatest common factor of 3346 and 14.
14
Calculate the greatest common factor of 28 and 7.
7
Calculate the greatest common divisor of 20 and 88.
4
What is the greatest common divisor of 11310 and 975?
195
Calculate the highest common divisor of 158 and 237.
79
Calculate the greatest common factor of 1152 and 108.
36
Calculate the greatest common factor of 80 and 72.
8
What is the greatest common factor of 7602 and 42?
42
Calculate the highest common divisor of 1419 and 33.
33
Calculate the greatest common divisor of 155 and 62.
31
What is the greatest common factor of 2 and 142?
2
Calculate the greatest common divisor of 301 and 5375.
43
Calculate the highest common factor of 1 and 168.
1
Calculate the greatest common factor of 918 and 1323.
27
What is the highest common factor of 74 and 111?
37
What is the highest common factor of 2716 and 14?
14
Calculate the greatest common divisor of 732 and 24.
12
Calculate the highest common factor of 612 and 3468.
204
Calculate the highest common factor of 152 and 8.
8
Calculate the highest common factor of 242 and 913.
11
Calculate the greatest common factor of 1635 and 35.
5
Calculate the greatest common factor of 350 and 4235.
35
What is the highest common factor of 10340 and 132?
44
Calculate the greatest common factor of 225 and 275.
25
Calculate the highest common divisor of 5028 and 24.
12
Calculate the highest common factor of 14 and 126.
14
What is the greatest common factor of 22592 and 64?
64
What is the greatest common factor of 5014 and 69?
23
What is the greatest common factor of 3896 and 8?
8
Calculate the greatest common divisor of 24 and 948.
12
Calculate the highest common divisor of 1333 and 43.
43
What is the highest common factor of 14848 and 116?
116
Calculate the highest common divisor of 18380 and 20.
20
What is the greatest common factor of 273 and 39?
39
What is the greatest common divisor of 428 and 2?
2
Calculate the greatest common factor of 234 and 19539.
117
Calculate the highest common factor of 310 and 10.
10
What is the greatest common divisor of 1011 and 12469?
337
Calculate the highest common divisor of 3872 a